{"id":8072,"date":"2018-07-09T12:50:27","date_gmt":"2018-07-09T15:50:27","guid":{"rendered":"http:\/\/www.esportesbrasilia.com.br\/noticias\/?page_id=8072"},"modified":"2020-10-20T21:53:13","modified_gmt":"2020-10-21T00:53:13","slug":"candangao2018serieb","status":"publish","type":"page","link":"https:\/\/www.esportesbrasilia.com.br\/noticias\/candangao2018serieb","title":{"rendered":"Tabela Candang\u00e3o S\u00e9rie B 2018"},"content":{"rendered":"<p><em>Atualizada em 29\/09\/2018 \u00e0s 20:18<\/em><\/p>\n<h1><strong>CAPITAL CAMPE\u00c3O<\/strong><\/h1>\n<p><a href=\"#classificacao\">CLASSIFICA\u00c7\u00c3O<\/a>\u00a0|\u00a0<a href=\"#tabela1fase\">TABELA 1\u00aa FASE<\/a>\u00a0|\u00a0<a href=\"#tabelasemi\">TABELA FASE\u00a0FINAL<\/a><\/p>\n<p><a name=\"classificacao\"><\/a><\/p>\n<h1 style=\"text-align: center;\"><strong>Classifica\u00e7\u00e3o<\/strong><\/h1>\n<p><strong>Chave A<\/strong><\/p>\n<table>\n<tbody>\n<tr>\n<td><strong>Pos.<\/strong><\/td>\n<td><strong>Time<\/strong><\/td>\n<td><strong>Pts<\/strong><\/td>\n<td><strong>J<\/strong><\/td>\n<td><strong>V<\/strong><\/td>\n<td><strong>E<\/strong><\/td>\n<td><strong>D<\/strong><\/td>\n<td><strong>GP<\/strong><\/td>\n<td><strong>GC<\/strong><\/td>\n<td><strong>SG<\/strong><\/td>\n<td><strong>Aprov.<\/strong><\/td>\n<\/tr>\n<tr>\n<td>1<\/td>\n<td>Taguatinga<\/td>\n<td>10<\/td>\n<td>4<\/td>\n<td>3<\/td>\n<td>1<\/td>\n<td>0<\/td>\n<td>09<\/td>\n<td>03<\/td>\n<td>+06<\/td>\n<td>83,3%<\/td>\n<\/tr>\n<tr>\n<td>2<\/td>\n<td>Capital<\/td>\n<td>10<\/td>\n<td>4<\/td>\n<td>3<\/td>\n<td>1<\/td>\n<td>0<\/td>\n<td>08<\/td>\n<td>02<\/td>\n<td>+06<\/td>\n<td>83,3%<\/td>\n<\/tr>\n<tr>\n<td>3<\/td>\n<td>Brazl\u00e2ndia<\/td>\n<td>6<\/td>\n<td>4<\/td>\n<td>2<\/td>\n<td>0<\/td>\n<td>2<\/td>\n<td>11<\/td>\n<td>04<\/td>\n<td>+07<\/td>\n<td>50%<\/td>\n<\/tr>\n<tr>\n<td>4<\/td>\n<td>Ceilandense<\/td>\n<td>3<\/td>\n<td>4<\/td>\n<td>1<\/td>\n<td>0<\/td>\n<td>3<\/td>\n<td>11<\/td>\n<td>09<\/td>\n<td>+02<\/td>\n<td>25%<\/td>\n<\/tr>\n<tr>\n<td>5<\/td>\n<td>CFZ Bras\u00edlia<\/td>\n<td>0<\/td>\n<td>4<\/td>\n<td>0<\/td>\n<td>0<\/td>\n<td>4<\/td>\n<td>06<\/td>\n<td>27<\/td>\n<td>-21<\/td>\n<td>0%<\/td>\n<\/tr>\n<\/tbody>\n<\/table>\n<p>&nbsp;<\/p>\n<p><strong>Chave\u00a0B<\/strong><\/p>\n<table>\n<tbody>\n<tr>\n<td><strong>Pos.<\/strong><\/td>\n<td><strong>Time<\/strong><\/td>\n<td><strong>Pts<\/strong><\/td>\n<td><strong>J<\/strong><\/td>\n<td><strong>V<\/strong><\/td>\n<td><strong>E<\/strong><\/td>\n<td><strong>D<\/strong><\/td>\n<td><strong>GP<\/strong><\/td>\n<td><strong>GC<\/strong><\/td>\n<td><strong>SG<\/strong><\/td>\n<td><strong>Aprov.<\/strong><\/td>\n<\/tr>\n<tr>\n<td>1<\/td>\n<td>Planaltina<\/td>\n<td>13<\/td>\n<td>5<\/td>\n<td>4<\/td>\n<td>1<\/td>\n<td>0<\/td>\n<td>09<\/td>\n<td>04<\/td>\n<td>+05<\/td>\n<td>86,7%<\/td>\n<\/tr>\n<tr>\n<td>2<\/td>\n<td>Legi\u00e3o<\/td>\n<td>12<\/td>\n<td>5<\/td>\n<td>4<\/td>\n<td>0<\/td>\n<td>1<\/td>\n<td>14<\/td>\n<td>07<\/td>\n<td>+07<\/td>\n<td>80%<\/td>\n<\/tr>\n<tr>\n<td>3<\/td>\n<td>Botafogo<\/td>\n<td>7<\/td>\n<td>5<\/td>\n<td>2<\/td>\n<td>1<\/td>\n<td>2<\/td>\n<td>07<\/td>\n<td>07<\/td>\n<td>00<\/td>\n<td>46,7%<\/td>\n<\/tr>\n<tr>\n<td>4<\/td>\n<td>Bras\u00edlia<\/td>\n<td>4<\/td>\n<td>5<\/td>\n<td>1<\/td>\n<td>1<\/td>\n<td>3<\/td>\n<td>06<\/td>\n<td>06<\/td>\n<td>00<\/td>\n<td>26,7%<\/td>\n<\/tr>\n<tr>\n<td>5<\/td>\n<td>Samambaense<\/td>\n<td>4<\/td>\n<td>5<\/td>\n<td>2<\/td>\n<td>0<\/td>\n<td>3<\/td>\n<td>09<\/td>\n<td>13<\/td>\n<td>-04<\/td>\n<td>26,7%<\/td>\n<\/tr>\n<tr>\n<td>6<\/td>\n<td>Cruzeiro<\/td>\n<td>1<\/td>\n<td>5<\/td>\n<td>0<\/td>\n<td>1<\/td>\n<td>4<\/td>\n<td>05<\/td>\n<td>11<\/td>\n<td>-06<\/td>\n<td>6,7%<\/td>\n<\/tr>\n<\/tbody>\n<\/table>\n<p><a name=\"tabela1fase\"><\/a><\/p>\n<h1 style=\"text-align: center;\"><strong>Primeira Fase<\/strong><\/h1>\n<p>1\u00aa Rodada<\/p>\n<p><strong>11\u00a0de\u00a0agosto<br \/>\n<\/strong>10.00 &#8211; CFZ Bras\u00edlia 2&#215;5 Taguatinga &#8211; Serra do Lago<strong><br \/>\n<\/strong>15.00 &#8211; Cruzeiro 0x2 Botafogo &#8211; Luiz Alfredo<br \/>\n15.00 &#8211; Planaltina 1&#215;0 Bras\u00edlia &#8211; Diog\u00e3o<strong><br \/>\n<\/strong>15.30 &#8211; Ceilandense 1&#215;2 Capital &#8211; Abadi\u00e3o &#8211;\u00a0<strong>AO VIVO<\/strong><br \/>\n15.30 &#8211; Legi\u00e3o 5&#215;1 Samambaense &#8211;\u00a0Bezerr\u00e3o<br \/>\n<em>Folga: Brazl\u00e2ndia<\/em><\/p>\n<p>2\u00aa Rodada<\/p>\n<p><strong>18 de agosto<br \/>\n<\/strong>10.00 &#8211; Bras\u00edlia 1&#215;1 Cruzeiro &#8211; Serra do Lago<br \/>\n10.30 &#8211; Botafogo 1&#215;3 Legi\u00e3o &#8211; Bezerr\u00e3o &#8211;\u00a0<strong>AO VIVO<\/strong><br \/>\n15.30 &#8211; Samambaense 1&#215;2 Planaltina &#8211;\u00a0Municipal de Alex\u00e2nia<\/p>\n<p><strong>19 de agosto<\/strong><br \/>\n10.00 &#8211; Taguatinga 1&#215;0 Ceilandense &#8211;\u00a0Abadi\u00e3o<br \/>\n10.30 &#8211; Brazl\u00e2ndia 7&#215;0 CFZ Bras\u00edlia &#8211;\u00a0Agostinho Lima<br \/>\n<em>Folga: Capital<\/em><\/p>\n<p>3\u00aa Rodada<\/p>\n<p><strong>25 de agosto<br \/>\n<\/strong>10.00 &#8211; Capital 1&#215;0 Brazl\u00e2ndia &#8211; Bezerr\u00e3o<strong><br \/>\n<\/strong>10.00 &#8211; Cruzeiro 2&#215;3 Samambaense &#8211; Luiz Alfredo<br \/>\n10.30 &#8211; CFZ Bras\u00edlia 3&#215;10 Ceilandense &#8211; Serra do Lago<br \/>\n15.30 &#8211; Bras\u00edlia 2&#215;1 Botafogo &#8211; Serra do Lago<br \/>\n15.30 &#8211; Legi\u00e3o 1&#215;3 Planaltina &#8211; Agostinho Lima &#8211;\u00a0<strong>AO VIVO<\/strong><br \/>\n<em>Folga: Taguatinga<\/em><\/p>\n<p>4\u00aa Rodada<\/p>\n<p><strong>01 de setembro<\/strong><br \/>\n10.00 &#8211; Ceilandense 0x3\u00a0Brazl\u00e2ndia &#8211; Abadi\u00e3o<br \/>\n15.00 &#8211; Planaltina 2&#215;1 Cruzeiro &#8211; Diog\u00e3o<br \/>\n15.30 &#8211; Taguatinga 0x0 Capital &#8211; Abadi\u00e3o<br \/>\n15.30 &#8211; Legi\u00e3o 2&#215;1 Bras\u00edlia &#8211; Bezerr\u00e3o &#8211;\u00a0<strong>AO VIVO<\/strong><\/p>\n<p><strong>02 de setembro<\/strong><br \/>\n10.00 &#8211; Botafogo 2&#215;1 Samambaense &#8211; Bezerr\u00e3o<br \/>\n<em>Folga: CFZ Bras\u00edlia<\/em><\/p>\n<p>5\u00aa Rodada<\/p>\n<p><strong>08 de setembro<\/strong><br \/>\n10.00 &#8211; Capital 5&#215;1 CFZ Bras\u00edlia &#8211; Bezerr\u00e3o<br \/>\n10.00 &#8211; Brazl\u00e2ndia 1&#215;3 Taguatinga<br \/>\n15.00 &#8211; Cruzeiro 1&#215;3 Legi\u00e3o &#8211; Luiz Alfredo<br \/>\n15.00 &#8211; Planaltina 1&#215;1 Botafogo &#8211; Diog\u00e3o<br \/>\n15.00 &#8211; Samambaense 3&#215;2 Bras\u00edlia &#8211; Municipal de Alex\u00e2nia<br \/>\n<em>Folga: Ceilandense<\/em><\/p>\n<p><a name=\"tabelasemi\"><\/a><\/p>\n<h1 style=\"text-align: center;\"><strong>Segunda fase &#8211; Semifinal<\/strong><\/h1>\n<p><strong>JOGO 1 &#8211;\u00a0Taguatinga x Legi\u00e3o<\/strong><br \/>\n16.09 10.30 &#8211; Ida &#8211; Bezerr\u00e3o &#8211; LEG\u00a00x3 TAG<br \/>\n22.09 10.00\u00a0&#8211; Volta &#8211; Abadi\u00e3o &#8211; TAG 2&#215;0 LEG<\/p>\n<p><strong>JOGO 2 &#8211;\u00a0Planaltina x\u00a0Capital<\/strong><br \/>\n15.09 15.30 &#8211; Ida &#8211; Bezerr\u00e3o &#8211; CAP 2&#215;1 PLA<br \/>\n22.09 15.30 &#8211; Volta &#8211; Diog\u00e3o &#8211; PLA 1&#215;1 CAP<\/p>\n<h1 style=\"text-align: center;\"><strong>Terceira fase &#8211; final<\/strong><\/h1>\n<p><strong>29 de setembro<\/strong><br \/>\n10.00 &#8211; Taguatinga 1&#215;1 Capital &#8211; Bezerr\u00e3o<br \/>\n<em>P\u00eanaltis &#8211; TAG 4-5 CAP<\/em><\/p>\n","protected":false},"excerpt":{"rendered":"<p>Atualizada em 29\/09\/2018 \u00e0s 20:18 CAPITAL CAMPE\u00c3O CLASSIFICA\u00c7\u00c3O\u00a0|\u00a0TABELA 1\u00aa FASE\u00a0|\u00a0TABELA FASE\u00a0FINAL Classifica\u00e7\u00e3o Chave A Pos. Time Pts J V E D GP GC SG Aprov. 1 Taguatinga 10 4 3 1 0 09 03 +06 83,3% 2 Capital 10 4 3 1 0 08 02 +06 83,3% 3 Brazl\u00e2ndia 6 4 2 0 2 11 [&hellip;]<\/p>\n","protected":false},"author":1,"featured_media":0,"parent":0,"menu_order":0,"comment_status":"closed","ping_status":"closed","template":"","meta":{"footnotes":""},"class_list":["post-8072","page","type-page","status-publish","hentry"],"_links":{"self":[{"href":"https:\/\/www.esportesbrasilia.com.br\/noticias\/wp-json\/wp\/v2\/pages\/8072","targetHints":{"allow":["GET"]}}],"collection":[{"href":"https:\/\/www.esportesbrasilia.com.br\/noticias\/wp-json\/wp\/v2\/pages"}],"about":[{"href":"https:\/\/www.esportesbrasilia.com.br\/noticias\/wp-json\/wp\/v2\/types\/page"}],"author":[{"embeddable":true,"href":"https:\/\/www.esportesbrasilia.com.br\/noticias\/wp-json\/wp\/v2\/users\/1"}],"replies":[{"embeddable":true,"href":"https:\/\/www.esportesbrasilia.com.br\/noticias\/wp-json\/wp\/v2\/comments?post=8072"}],"version-history":[{"count":31,"href":"https:\/\/www.esportesbrasilia.com.br\/noticias\/wp-json\/wp\/v2\/pages\/8072\/revisions"}],"predecessor-version":[{"id":8356,"href":"https:\/\/www.esportesbrasilia.com.br\/noticias\/wp-json\/wp\/v2\/pages\/8072\/revisions\/8356"}],"wp:attachment":[{"href":"https:\/\/www.esportesbrasilia.com.br\/noticias\/wp-json\/wp\/v2\/media?parent=8072"}],"curies":[{"name":"wp","href":"https:\/\/api.w.org\/{rel}","templated":true}]}}