{"id":2181,"date":"2016-06-20T18:44:43","date_gmt":"2016-06-20T21:44:43","guid":{"rendered":"http:\/\/www.esportesbrasilia.com.br\/noticias\/?page_id=2181"},"modified":"2017-03-20T19:32:36","modified_gmt":"2017-03-20T22:32:36","slug":"candangao2016serieb","status":"publish","type":"page","link":"https:\/\/www.esportesbrasilia.com.br\/noticias\/candangao2016serieb","title":{"rendered":"Tabela Candang\u00e3o S\u00e9rie B 2016"},"content":{"rendered":"<p><em>Atualizada em 09\/08\/2016 \u00e0s 11:57<\/em><\/p>\n<h1 style=\"text-align: center;\"><em>Dom Pedro<br \/>\n<\/em>Campe\u00e3o Brasiliense S\u00e9rie B 2016<\/h1>\n<p><a href=\"#classificacao\">CLASSIFICA\u00c7\u00c3O<\/a> | <a href=\"#artilharia\">ARTILHARIA<\/a> | <a href=\"#tabela1fase\">TABELA 1\u00aa FASE<\/a> | <a href=\"#tabelasemi\">TABELA FASE\u00a0FINAL<\/a><\/p>\n<p><a name=\"classificacao\"><\/a><\/p>\n<h1 style=\"text-align: center;\"><strong>Classifica\u00e7\u00e3o<\/strong><\/h1>\n<p><strong>Chave A<\/strong><\/p>\n<table>\n<tbody>\n<tr>\n<td><strong>Pos.<\/strong><\/td>\n<td><strong>Time<\/strong><\/td>\n<td><strong>Pts<\/strong><\/td>\n<td><strong>J<\/strong><\/td>\n<td><strong>V<\/strong><\/td>\n<td><strong>E<\/strong><\/td>\n<td><strong>D<\/strong><\/td>\n<td><strong>GP<\/strong><\/td>\n<td><strong>GC<\/strong><\/td>\n<td><strong>SG<\/strong><\/td>\n<td><strong>Aprov.<\/strong><\/td>\n<\/tr>\n<tr>\n<td bgcolor=\"#00ff00\">1<\/td>\n<td bgcolor=\"#00ff00\">Dom Pedro<\/td>\n<td bgcolor=\"#00ff00\">12<\/td>\n<td bgcolor=\"#00ff00\">4<\/td>\n<td bgcolor=\"#00ff00\">4<\/td>\n<td bgcolor=\"#00ff00\">0<\/td>\n<td bgcolor=\"#00ff00\">0<\/td>\n<td bgcolor=\"#00ff00\">8<\/td>\n<td bgcolor=\"#00ff00\">0<\/td>\n<td bgcolor=\"#00ff00\">+8<\/td>\n<td bgcolor=\"#00ff00\">100%<\/td>\n<\/tr>\n<tr>\n<td bgcolor=\"#00ff00\">2<\/td>\n<td bgcolor=\"#00ff00\">CFZ Bras\u00edlia<\/td>\n<td bgcolor=\"#00ff00\">9<\/td>\n<td bgcolor=\"#00ff00\">4<\/td>\n<td bgcolor=\"#00ff00\">3<\/td>\n<td bgcolor=\"#00ff00\">0<\/td>\n<td bgcolor=\"#00ff00\">1<\/td>\n<td bgcolor=\"#00ff00\">9<\/td>\n<td bgcolor=\"#00ff00\">5<\/td>\n<td bgcolor=\"#00ff00\">+4<\/td>\n<td bgcolor=\"#00ff00\">75%<\/td>\n<\/tr>\n<tr>\n<td>3<\/td>\n<td>Botafogo-DF<\/td>\n<td>8<\/td>\n<td>4<\/td>\n<td>2<\/td>\n<td>2<\/td>\n<td>0<\/td>\n<td>9<\/td>\n<td>3<\/td>\n<td>+6<\/td>\n<td>66,7%<\/td>\n<\/tr>\n<tr>\n<td>4<\/td>\n<td>Ceilandense<\/td>\n<td>7<\/td>\n<td>4<\/td>\n<td>2<\/td>\n<td>1<\/td>\n<td>1<\/td>\n<td>5<\/td>\n<td>4<\/td>\n<td>+2<\/td>\n<td>58,3%<\/td>\n<\/tr>\n<tr>\n<td>5<\/td>\n<td>Planaltina<\/td>\n<td>4<\/td>\n<td>4<\/td>\n<td>1<\/td>\n<td>1<\/td>\n<td>2<\/td>\n<td>5<\/td>\n<td>6<\/td>\n<td>-1<\/td>\n<td>33,3%<\/td>\n<\/tr>\n<\/tbody>\n<\/table>\n<p>&nbsp;<\/p>\n<p><strong>Chave\u00a0B<\/strong><\/p>\n<table>\n<tbody>\n<tr>\n<td><strong>Pos.<\/strong><\/td>\n<td><strong>Time<\/strong><\/td>\n<td><strong>Pts<\/strong><\/td>\n<td><strong>J<\/strong><\/td>\n<td><strong>V<\/strong><\/td>\n<td><strong>E<\/strong><\/td>\n<td><strong>D<\/strong><\/td>\n<td><strong>GP<\/strong><\/td>\n<td><strong>GC<\/strong><\/td>\n<td><strong>SG<\/strong><\/td>\n<td><strong>Aprov.<\/strong><\/td>\n<\/tr>\n<tr>\n<td bgcolor=\"#00ff00\">1<\/td>\n<td bgcolor=\"#00ff00\">Parano\u00e1<\/td>\n<td bgcolor=\"#00ff00\">7<\/td>\n<td bgcolor=\"#00ff00\">5<\/td>\n<td bgcolor=\"#00ff00\">2<\/td>\n<td bgcolor=\"#00ff00\">1<\/td>\n<td bgcolor=\"#00ff00\">2<\/td>\n<td bgcolor=\"#00ff00\">5<\/td>\n<td bgcolor=\"#00ff00\">3<\/td>\n<td bgcolor=\"#00ff00\">+2<\/td>\n<td bgcolor=\"#00ff00\">46,7%<\/td>\n<\/tr>\n<tr>\n<td bgcolor=\"#00ff00\">2<\/td>\n<td bgcolor=\"#00ff00\">Bolamense<\/td>\n<td bgcolor=\"#00ff00\">4<\/td>\n<td bgcolor=\"#00ff00\">5<\/td>\n<td bgcolor=\"#00ff00\">1<\/td>\n<td bgcolor=\"#00ff00\">1<\/td>\n<td bgcolor=\"#00ff00\">3<\/td>\n<td bgcolor=\"#00ff00\">7<\/td>\n<td bgcolor=\"#00ff00\">11<\/td>\n<td bgcolor=\"#00ff00\">-4<\/td>\n<td bgcolor=\"#00ff00\">26,7%<\/td>\n<\/tr>\n<tr>\n<td>3<\/td>\n<td>Brazl\u00e2ndia<\/td>\n<td>4<\/td>\n<td>5<\/td>\n<td>1<\/td>\n<td>1<\/td>\n<td>3<\/td>\n<td>3<\/td>\n<td>8<\/td>\n<td>-5<\/td>\n<td>26,7%<\/td>\n<\/tr>\n<tr>\n<td>4<\/td>\n<td>Guar\u00e1 *<\/td>\n<td>-2<\/td>\n<td>5<\/td>\n<td>0<\/td>\n<td>1<\/td>\n<td>4<\/td>\n<td>2<\/td>\n<td>12<\/td>\n<td>-10<\/td>\n<td>6,7%<\/td>\n<\/tr>\n<\/tbody>\n<\/table>\n<p>* O Guar\u00e1 perdeu tr\u00eas pontos no TJD\/DF<\/p>\n<h1 style=\"text-align: center;\"><a name=\"artilharia\"><\/a><br \/>\n<b>Artilharia<\/b><\/h1>\n<p><strong>5\u00a0gols<\/strong><br \/>\n<strong>Pedrinho (Bolamense)<br \/>\nChefe (Dom Pedro)<br \/>\nVitor Santana (Parano\u00e1)<br \/>\n<\/strong><\/p>\n<p><strong>4 gols<br \/>\n\u00c9der (Bolamense)<br \/>\nLevi (Botafogo-DF)<br \/>\nRafael (CFZ Bras\u00edlia)<\/strong><\/p>\n<p><strong>3 gols<\/strong><br \/>\nMax (CFZ Bras\u00edlia)<br \/>\nL\u00e9o Catarina (Dom Pedro)<br \/>\nRom\u00e1rio (Planaltina)<\/p>\n<p><strong>2 gols<\/strong><br \/>\nAcosta\u00a0(Botafogo-DF)<br \/>\nAllann Delon (Ceilandense)<\/p>\n<p><strong>1 gol<\/strong><br \/>\nBraitinni e Rafael (Bolamense)<br \/>\nFellippy, Quarentinha e Vandinho (Botafogo-DF)<br \/>\nDeivid, Douglas Felipe e Hugo (Brazl\u00e2ndia)<br \/>\nAugusto, Celso e Douglas Alves (Ceilandense)<br \/>\nCangu\u00e7u, Lucas e Maninho (CFZ Bras\u00edlia)<br \/>\nDiego, Kak\u00e1, Natan e Santos (Dom Pedro)<br \/>\nKennedy (Guar\u00e1)<br \/>\nAndr\u00e9 Bassi, Fernando e Guilherme (Parano\u00e1)<br \/>\nCarlos Henrique e Henrique (Planaltina)<\/p>\n<p><span style=\"color: #ff0000;\"><strong>Gol contra<\/strong><\/span><br \/>\nLucas Cabral (Brazl\u00e2ndia) para o Dom Pedro<\/p>\n<p>&nbsp;<\/p>\n<p><a name=\"tabela1fase\"><\/a><\/p>\n<h1 style=\"text-align: center;\"><strong>Primeira Fase<\/strong><\/h1>\n<p>1\u00aa Rodada<\/p>\n<p>18\/06\u00a015.30 &#8211; Planaltina 0x3 Parano\u00e1\u00a0&#8211; Augustinho Lima<br \/>\n18\/06\u00a015.30 &#8211;\u00a0Dom Pedro 3&#215;0 Guar\u00e1 &#8211; Diog\u00e3o<br \/>\n19\/06\u00a011.00 &#8211; Ceilandense 2&#215;2 Brazl\u00e2ndia\u00a0&#8211; Abadi\u00e3o<br \/>\n19\/06 15.30 &#8211; CFZ Bras\u00edlia 3&#215;4 Bolamense\u00a0&#8211; Serra do Lago<br \/>\n<em>Folga: Botafogo-DF<\/em><\/p>\n<p>2\u00aa Rodada<\/p>\n<p>25\/06 15.30\u00a0&#8211; Parano\u00e1 0x1 CFZ Bras\u00edlia &#8211; Augustinho Lima<br \/>\n25\/06\u00a015.30 &#8211;\u00a0Bolamense 0x1 Dom Pedro &#8211;\u00a0Serej\u00e3o<br \/>\n26\/06\u00a010.00 &#8211;\u00a0Guar\u00e1 0x3 Planaltina &#8211; Augustinho Lima<br \/>\n26\/06 15.30 &#8211; Brazl\u00e2ndia 0x4 Botafogo &#8211; Chapadinha<br \/>\n<em>Folga: Ceilandense<\/em><\/p>\n<p>3\u00aa Rodada<\/p>\n<p>01\/07\u00a015.30 &#8211;\u00a0Dom Pedro 3&#215;0 Brazl\u00e2ndia &#8211;\u00a0Serra do Lago<br \/>\n02\/07 15.30 &#8211; CFZ Bras\u00edlia 4&#215;1 Guar\u00e1\u00a0&#8211; Serra do Lago<br \/>\n02\/07\u00a015.30 &#8211; Ceilandense 1&#215;0 Bolamense\u00a0&#8211; Serej\u00e3o<br \/>\n03\/07 15.30 &#8211;\u00a0Botafogo 1&#215;1 Parano\u00e1 &#8211;\u00a0Serej\u00e3o<br \/>\n<em>Folga: Planaltina<\/em><\/p>\n<p>4\u00aa Rodada<\/p>\n<p>09\/07 10.00 &#8211; Parano\u00e1 0x1 Dom Pedro\u00a0&#8211;\u00a0Serej\u00e3o<br \/>\n09\/07 10.00 &#8211;\u00a0Guar\u00e1 1&#215;2 Ceilandense &#8211; Augustinho Lima<br \/>\n10\/07 15.30 &#8211; Bolamense 2&#215;4 Botafogo &#8211;\u00a0Serra do Lago<br \/>\n10\/07\u00a015.30 &#8211; Brazl\u00e2ndia 1&#215;0 Planaltina &#8211; Chapadinha<br \/>\n<em>Folga: CFZ Bras\u00edlia<\/em><\/p>\n<p>5\u00aa Rodada<\/p>\n<p>16\/07 15.30 &#8211; CFZ Bras\u00edlia 1&#215;0 Brazl\u00e2ndia\u00a0&#8211; Serra do Lago<br \/>\n16\/07 15.30 &#8211;\u00a0Botafogo 0x0 Guar\u00e1 &#8211;\u00a0Augustinho Lima<br \/>\n16\/07 15.30 &#8211; Ceilandense 0x1 Parano\u00e1 &#8211;\u00a0Chapadinha<br \/>\n17\/07 15.30 &#8211; Planaltina 2&#215;2 Bolamense\u00a0&#8211; Augustinho Lima<br \/>\n<em>Folga: Dom Pedro<\/em><\/p>\n<p><a name=\"tabelasemi\"><\/a><\/p>\n<h1 style=\"text-align: center;\"><strong>Segunda fase &#8211; Semifinal<\/strong><\/h1>\n<p>JOGO 1 &#8211; Dom Pedro\u00a0x\u00a0Bolamense<br \/>\n23\/07 15.30 &#8211; BOL 0x1 DPE &#8211; Serej\u00e3o<br \/>\n30\/07 15.30 &#8211; DPE 4&#215;3 BOL &#8211; Serra do Lago<\/p>\n<p>JOGO 2 &#8211; Parano\u00e1\u00a0x\u00a0CFZ Bras\u00edlia<br \/>\n23\/07 15.30 &#8211; CFZ 0x1 PAR &#8211; Serra do Lago<br \/>\n30\/07\u00a010.00 &#8211; PAR 2&#215;2 CFZ &#8211; Serra do Lago<\/p>\n<h1 style=\"text-align: center;\"><strong>Terceira fase &#8211; final<\/strong><\/h1>\n<p>Dom Pedro x Parano\u00e1<br \/>\n07\/08 10.00 &#8211; DPE 1&#215;0 PAR &#8211; Serra do Lago<\/p>\n","protected":false},"excerpt":{"rendered":"<p>Atualizada em 09\/08\/2016 \u00e0s 11:57 Dom Pedro Campe\u00e3o Brasiliense S\u00e9rie B 2016 CLASSIFICA\u00c7\u00c3O | ARTILHARIA | TABELA 1\u00aa FASE | TABELA FASE\u00a0FINAL Classifica\u00e7\u00e3o Chave A Pos. Time Pts J V E D GP GC SG Aprov. 1 Dom Pedro 12 4 4 0 0 8 0 +8 100% 2 CFZ Bras\u00edlia 9 4 3 0 [&hellip;]<\/p>\n","protected":false},"author":1,"featured_media":0,"parent":0,"menu_order":0,"comment_status":"closed","ping_status":"closed","template":"","meta":{"footnotes":""},"class_list":["post-2181","page","type-page","status-publish","hentry"],"_links":{"self":[{"href":"https:\/\/www.esportesbrasilia.com.br\/noticias\/wp-json\/wp\/v2\/pages\/2181","targetHints":{"allow":["GET"]}}],"collection":[{"href":"https:\/\/www.esportesbrasilia.com.br\/noticias\/wp-json\/wp\/v2\/pages"}],"about":[{"href":"https:\/\/www.esportesbrasilia.com.br\/noticias\/wp-json\/wp\/v2\/types\/page"}],"author":[{"embeddable":true,"href":"https:\/\/www.esportesbrasilia.com.br\/noticias\/wp-json\/wp\/v2\/users\/1"}],"replies":[{"embeddable":true,"href":"https:\/\/www.esportesbrasilia.com.br\/noticias\/wp-json\/wp\/v2\/comments?post=2181"}],"version-history":[{"count":15,"href":"https:\/\/www.esportesbrasilia.com.br\/noticias\/wp-json\/wp\/v2\/pages\/2181\/revisions"}],"predecessor-version":[{"id":2714,"href":"https:\/\/www.esportesbrasilia.com.br\/noticias\/wp-json\/wp\/v2\/pages\/2181\/revisions\/2714"}],"wp:attachment":[{"href":"https:\/\/www.esportesbrasilia.com.br\/noticias\/wp-json\/wp\/v2\/media?parent=2181"}],"curies":[{"name":"wp","href":"https:\/\/api.w.org\/{rel}","templated":true}]}}