{"id":15943,"date":"2021-01-04T13:57:35","date_gmt":"2021-01-04T16:57:35","guid":{"rendered":"http:\/\/www.esportesbrasilia.com.br\/noticias\/?page_id=15943"},"modified":"2021-05-15T19:53:31","modified_gmt":"2021-05-15T22:53:31","slug":"candangaoseriea2021","status":"publish","type":"page","link":"https:\/\/www.esportesbrasilia.com.br\/noticias\/candangaoseriea2021","title":{"rendered":"Tabela Candang\u00e3o S\u00e9rie A 2021"},"content":{"rendered":"\n<figure class=\"wp-block-image size-large\"><img decoding=\"async\" src=\"https:\/\/www.esportesbrasilia.com.br\/noticias\/wp-content\/uploads\/posterbrasiliense2021.jpg\" alt=\"\"\/><figcaption>(para fazer download, clique com o bot\u00e3o direito e v\u00e1 em &#8220;Salvar Imagem Como&#8221;)<\/figcaption><\/figure>\n\n\n\n<p><\/p>\n\n\n\n<h3 class=\"wp-block-heading\">Artilheiros<\/h3>\n\n\n\n<h4 class=\"wp-block-heading\">11 gols<\/h4>\n\n\n\n<p>Z\u00e9 Love &#8211; Brasiliense<\/p>\n\n\n\n<h4 class=\"wp-block-heading\">6 gols<\/h4>\n\n\n\n<p>Gabriel Pedra &#8211; Ceil\u00e2ndia<\/p>\n\n\n\n<h4 class=\"wp-block-heading\">5 gols<\/h4>\n\n\n\n<p>Romarinho &#8211; Capital<br>Rom\u00e1rio &#8211; Luzi\u00e2nia<br>Itagol &#8211; Taguatinga<\/p>\n\n\n\n<h4 class=\"wp-block-heading\">4 gols<\/h4>\n\n\n\n<p>Bruno Nunes, Luquinhas &#8211; Brasiliense<br>Ca\u00edque &#8211; Gama<br>Hiwry &#8211; Una\u00ed<\/p>\n\n\n\n<h4 class=\"wp-block-heading\">3 gols<\/h4>\n\n\n\n<p>Carlos Eduardo, Tobinha &#8211; Brasiliense<br>David Souza &#8211; Capital<br>Felipe Goiano, Matheus Silva, Kl\u00e9cio, Liel, Willian &#8211; Ceil\u00e2ndia<br>Daniel Alagoano &#8211; Gama<br>Titico &#8211; Luzi\u00e2nia<br>Dorde &#8211; Samambaia<br>Brendon &#8211; Una\u00ed<\/p>\n\n\n\n<h4 class=\"wp-block-heading\">2 gols<\/h4>\n\n\n\n<p>Didira, Julen Sandy, Maicon Assis, Peninha, Peu &#8211; Brasiliense<br>Douglas Candango, Roberto Pit\u00edo &#8211; Capital<br>Jo\u00e3o Victor, Mirandinha &#8211; Ceil\u00e2ndia<br>Erik Mamadeira, Jo\u00e3o Paulo &#8211; Formosa<br>Kasado, Ueslei &#8211; Gama<br>Pedrinho, Tarta &#8211; Real Bras\u00edlia<br>Jairo, Kau\u00ea &#8211; Samambaia<br>Jo\u00e3o Carlos &#8211; Santa Maria<br>Daniel Felipe, Vandinho &#8211; Taguatinga<br>Felipe Hulk, Gabriel, Rom\u00e1rio &#8211; Una\u00ed<\/p>\n\n\n\n<h4 class=\"wp-block-heading\">1 gol<\/h4>\n\n\n\n<p>Badhuga, Jorge Henrique, Keynan, Michel Platini, Milton Junior, Rodrigo Fuma\u00e7a, Romarinho &#8211; Brasiliense<br>Cabralzinho, Leozynho &#8211; Capital<br>Igor Pato, Lucas Frank, Wisman &#8211; Ceil\u00e2ndia<br>Danilo Lima, Negueba, Xuxa &#8211; Formosa<br>Fernandinho, Gustavo, Jo\u00e3o Victor, Mirrai, Vinicius &#8211; Gama<br>Alexandre, Dadinho, Ferrugem, Goduxo, \u00cdndio, Jo\u00e3o Pedro, Perivaldo &#8211; Luzi\u00e2nia<br>Erik Gabriel, Wallace &#8211; Real Bras\u00edlia<br>Chistopher, Hukerlysson, Jo\u00e3o Pedro, Lucas Sales &#8211; Samambaia<br>Capixaba, Naylan, Paulinho &#8211; Santa Maria<br>Felipe, Juninho, Luigi, Wesley &#8211; Sobradinho<br>Daniel Guerreiro, Matheus Rog\u00e9rio &#8211; Taguatinga<br>Akim, Diego Clementino &#8211; Una\u00ed<\/p>\n\n\n\n<h3 class=\"wp-block-heading\">Gol Contra<\/h3>\n\n\n\n<h4 class=\"wp-block-heading\">1 gol<\/h4>\n\n\n\n<p>Robinho &#8211; Luzi\u00e2nia para o Brasiliense<br>Cleison &#8211; Samambaia para o Capital<br>Wesley &#8211; Sobradinho para o Gama<\/p>\n\n\n\n<h3 class=\"wp-block-heading\">Primeira Fase<\/h3>\n\n\n\n<h3 class=\"wp-block-heading\">Chave A<\/h3>\n\n\n\n<figure class=\"wp-block-table is-style-stripes\"><table><tbody><tr><td><strong>Pos<\/strong><\/td><td><strong>Time<\/strong><\/td><td><strong>PG<\/strong><\/td><td><strong>J<\/strong><\/td><td><strong>V<\/strong><\/td><td><strong>E<\/strong><\/td><td><strong>D<\/strong><\/td><td><strong>GP<\/strong><\/td><td><strong>GC<\/strong><\/td><td><strong>SG<\/strong><\/td><td><strong>Aprov.<\/strong><\/td><\/tr><tr><td>1<\/td><td>Taguatinga<\/td><td>12<\/td><td>6<\/td><td>4<\/td><td>0<\/td><td>2<\/td><td>11<\/td><td>8<\/td><td>+3<\/td><td>66,6%<\/td><\/tr><tr><td>2<\/td><td>Gama<\/td><td>10<\/td><td>6<\/td><td>3<\/td><td>1<\/td><td>2<\/td><td>9<\/td><td>4<\/td><td>+5<\/td><td>55,5%<\/td><\/tr><tr><td>3<\/td><td>Una\u00ed<\/td><td>10<\/td><td>6<\/td><td>3<\/td><td>1<\/td><td>2<\/td><td>13<\/td><td>10<\/td><td>+3<\/td><td>55,5%<\/td><\/tr><tr><td>4<\/td><td>Luzi\u00e2nia<\/td><td>9<\/td><td>6<\/td><td>3<\/td><td>0<\/td><td>3<\/td><td>7<\/td><td>9<\/td><td>-2<\/td><td>50%<\/td><\/tr><tr><td>5<\/td><td>Real Bras\u00edlia<\/td><td>7<\/td><td>6<\/td><td>2<\/td><td>1<\/td><td>3<\/td><td>6<\/td><td>10<\/td><td>-4<\/td><td>38,8%<\/td><\/tr><tr><td>6<\/td><td>Samambaia<\/td><td>4<\/td><td>6<\/td><td>1<\/td><td>1<\/td><td>4<\/td><td>11<\/td><td>19<\/td><td>-8<\/td><td>22,2%<\/td><\/tr><\/tbody><\/table><\/figure>\n\n\n\n<h3 class=\"wp-block-heading\">Chave B<\/h3>\n\n\n\n<figure class=\"wp-block-table is-style-stripes\"><table><tbody><tr><td><strong>Pos<\/strong><\/td><td><strong>Time<\/strong><\/td><td><strong>PG<\/strong><\/td><td><strong>J<\/strong><\/td><td><strong>V<\/strong><\/td><td><strong>E<\/strong><\/td><td><strong>D<\/strong><\/td><td><strong>GP<\/strong><\/td><td><strong>GC<\/strong><\/td><td><strong>SG<\/strong><\/td><td><strong>Aprov.<\/strong><\/td><\/tr><tr><td>1<\/td><td>Brasiliense<\/td><td>18<\/td><td>6<\/td><td>6<\/td><td>0<\/td><td>0<\/td><td>18<\/td><td>5<\/td><td>+13<\/td><td>100%<\/td><\/tr><tr><td>2<\/td><td>Capital<\/td><td>16<\/td><td>6<\/td><td>5<\/td><td>1<\/td><td>0<\/td><td>11<\/td><td>2<\/td><td>+9<\/td><td>88,8%<\/td><\/tr><tr><td>3<\/td><td>Ceil\u00e2ndia<\/td><td>12<\/td><td>6<\/td><td>4<\/td><td>0<\/td><td>2<\/td><td>14<\/td><td>7<\/td><td>+7<\/td><td>66,6%<\/td><\/tr><tr><td>4<\/td><td>Santa Maria<\/td><td>5<\/td><td>6<\/td><td>1<\/td><td>2<\/td><td>3<\/td><td>5<\/td><td>6<\/td><td>-1<\/td><td>27,7%<\/td><\/tr><tr><td>5<\/td><td>Sobradinho<\/td><td>1<\/td><td>6<\/td><td>0<\/td><td>1<\/td><td>5<\/td><td>5<\/td><td>16<\/td><td>-11<\/td><td>5,5%<\/td><\/tr><tr><td>6<\/td><td>Formosa<\/td><td>0<\/td><td>6<\/td><td>0<\/td><td>0<\/td><td>6<\/td><td>7<\/td><td>21<\/td><td>-14<\/td><td>0%<\/td><\/tr><\/tbody><\/table><\/figure>\n\n\n\n<p>1\u00aa Rodada<\/p>\n\n\n\n<p>20\/02 &#8211; 15:30 &#8211; Ciro Machado &#8211; Real Bras\u00edlia 1&#215;2 Ceil\u00e2ndia<br>20\/02 &#8211; 15:30 &#8211; Bezerr\u00e3o &#8211; Gama 0x1 Capital<\/p>\n\n\n\n<p>21\/02 &#8211; 15:30 &#8211; Abadi\u00e3o &#8211; Samambaia 2&#215;2 Sobradinho<br>21\/02 &#8211; 15:30 &#8211; Urbano Adjuto &#8211; Una\u00ed 4&#215;3 Formosa<\/p>\n\n\n\n<p>22\/02 &#8211; 10:30 &#8211; Serej\u00e3o &#8211; Taguatinga 1&#215;0 Santa Maria<\/p>\n\n\n\n<p>03\/03 &#8211; 15:30 &#8211; Serra do Lago &#8211; Luzi\u00e2nia 0x4 Brasiliense<\/p>\n\n\n\n<p>2\u00aa Rodada<\/p>\n\n\n\n<p>26\/02 &#8211; 15:30 &#8211; Man\u00e9 Garrincha &#8211; Capital 3&#215;0 Real Bras\u00edlia<br>26\/02 &#8211; 15:30 &#8211; Abadi\u00e3o &#8211; Ceil\u00e2ndia 0x2 Gama<\/p>\n\n\n\n<p>27\/02 &#8211; 11:00 &#8211; Diog\u00e3o &#8211; Formosa 2&#215;5 Taguatinga<br>27\/02 &#8211; 15:00 &#8211; Bezerr\u00e3o &#8211; Santa Maria 0x1 Una\u00ed<\/p>\n\n\n\n<p>06\/03 &#8211; 15:00 &#8211; Diog\u00e3o &#8211; Sobradinho 0x1 Luzi\u00e2nia<\/p>\n\n\n\n<p>07\/03 &#8211; 15:30 &#8211; Serra do Lago &#8211; Brasiliense 4&#215;2 Samambaia<\/p>\n\n\n\n<p>3\u00aa Rodada<\/p>\n\n\n\n<p>06\/03 &#8211; 15:30 &#8211; Urbano Adjuto &#8211; Una\u00ed 0x1 Ceil\u00e2ndia<\/p>\n\n\n\n<p>12\/03 &#8211; 15:30 &#8211; Serra do Lago &#8211; Luzi\u00e2nia 2&#215;1 Formosa<\/p>\n\n\n\n<p>30\/03 &#8211; 10:30 &#8211; Serej\u00e3o &#8211; Taguatinga 2&#215;0 Sobradinho<br>30\/03 &#8211; 15:30 &#8211; Abadi\u00e3o &#8211; Samambaia 0x1 Capital<br>30\/03 &#8211; 15:30 &#8211; Ciro Machado &#8211; Real Bras\u00edlia 1&#215;1 Santa Maria<\/p>\n\n\n\n<p>31\/03 &#8211; 15:30 &#8211; Ciro Machado &#8211; Gama 1&#215;2 Brasiliense<\/p>\n\n\n\n<p>4\u00aa Rodada<\/p>\n\n\n\n<p>02\/04 &#8211; 15:30 &#8211; Abadi\u00e3o &#8211; Capital 1&#215;0 Luzi\u00e2nia<br>02\/04 &#8211; 15:30 &#8211; Ciro Machado &#8211; Formosa 1&#215;6 Samambaia<\/p>\n\n\n\n<p>03\/04 &#8211; 15:30 &#8211; Abadi\u00e3o &#8211; Ceil\u00e2ndia 1&#215;2 Taguatinga<br>03\/04 &#8211; 15:30 &#8211; Roriz\u00e3o &#8211; Santa Maria 0x0 Gama<br>03\/04 &#8211; 15:30 &#8211; Serej\u00e3o &#8211; Brasiliense 3&#215;0 Real Bras\u00edlia<\/p>\n\n\n\n<p>04\/04 &#8211; 15:30 &#8211; Abadi\u00e3o &#8211; Sobradinho 1&#215;5 Una\u00ed<\/p>\n\n\n\n<p>5\u00aa Rodada<\/p>\n\n\n\n<p>06\/04 &#8211; 15:30 &#8211; Serej\u00e3o &#8211; Taguatinga 1&#215;2 Brasiliense<br>06\/04 &#8211; 15:30 &#8211; Abadi\u00e3o &#8211; Gama 2&#215;0 Formosa<\/p>\n\n\n\n<p>07\/04 &#8211; 15:30 &#8211; Abadi\u00e3o &#8211; Samambaia 0x3 Santa Maria<br>07\/04 &#8211; 15:30 &#8211; Ciro Machado &#8211; Real Bras\u00edlia 2&#215;1 Sobradinho<br>07\/04 &#8211; 15:30 &#8211; Serra do Lago &#8211; Luzi\u00e2nia 1&#215;2 Ceil\u00e2ndia<br>07\/04 &#8211; 15:30 &#8211; Urbano Adjuto &#8211; Una\u00ed 2&#215;2 Capital<\/p>\n\n\n\n<p>6\u00aa Rodada<\/p>\n\n\n\n<p>09\/04 &#8211; 15:30 &#8211; Serra do Lago &#8211; Capital 3&#215;0 Taguatinga<\/p>\n\n\n\n<p>10\/04 &#8211; 15:30 &#8211; Abadi\u00e3o &#8211; Ceil\u00e2ndia 8&#215;1 Samambaia<br>10\/04 &#8211; 15:30 &#8211; Serra do Lago &#8211; Formosa 0x2 Real Bras\u00edlia<br>10\/04 &#8211; 15:30 &#8211; Ciro Machado &#8211; Sobradinho 1&#215;4 Gama<br>10\/04 &#8211; 15:30 &#8211; Roriz\u00e3o &#8211; Santa Maria 1&#215;3 Luzi\u00e2nia<br>10\/04 &#8211; 15:30 &#8211; Serej\u00e3o &#8211; Brasiliense x Una\u00ed<\/p>\n\n\n\n<h3 class=\"wp-block-heading\">Segunda Fase<\/h3>\n\n\n\n<h3 class=\"wp-block-heading\">Chave C<\/h3>\n\n\n\n<figure class=\"wp-block-table is-style-stripes\"><table><tbody><tr><td><strong>Pos<\/strong><\/td><td><strong>Time<\/strong><\/td><td><strong>PG<\/strong><\/td><td><strong>J<\/strong><\/td><td><strong>V<\/strong><\/td><td><strong>E<\/strong><\/td><td><strong>D<\/strong><\/td><td><strong>GP<\/strong><\/td><td><strong>GC<\/strong><\/td><td><strong>SG<\/strong><\/td><td><strong>Aprov.<\/strong><\/td><\/tr><tr><td>1<\/td><td>Luzi\u00e2nia<\/td><td>05<\/td><td>3<\/td><td>1<\/td><td>2<\/td><td>0<\/td><td>2<\/td><td>1<\/td><td>+1<\/td><td>55,5%<\/td><\/tr><tr><td>2<\/td><td>Gama<\/td><td>04<\/td><td>3<\/td><td>1<\/td><td>1<\/td><td>1<\/td><td>2<\/td><td>2<\/td><td>0<\/td><td>44,4%<\/td><\/tr><tr><td>3<\/td><td>Una\u00ed<\/td><td>04<\/td><td>3<\/td><td>1<\/td><td>1<\/td><td>1<\/td><td>1<\/td><td>1<\/td><td>0<\/td><td>44,4%<\/td><\/tr><tr><td>4<\/td><td>Taguatinga<\/td><td>02<\/td><td>3<\/td><td>0<\/td><td>2<\/td><td>1<\/td><td>0<\/td><td>1<\/td><td>-1<\/td><td>22,2%<\/td><\/tr><\/tbody><\/table><\/figure>\n\n\n\n<h3 class=\"wp-block-heading\">Chave D<\/h3>\n\n\n\n<figure class=\"wp-block-table is-style-stripes\"><table><tbody><tr><td><strong>Pos<\/strong><\/td><td><strong>Time<\/strong><\/td><td><strong>PG<\/strong><\/td><td><strong>J<\/strong><\/td><td><strong>V<\/strong><\/td><td><strong>E<\/strong><\/td><td><strong>D<\/strong><\/td><td><strong>GP<\/strong><\/td><td><strong>GC<\/strong><\/td><td><strong>SG<\/strong><\/td><td><strong>Aprov.<\/strong><\/td><\/tr><tr><td>1<\/td><td>Brasiliense<\/td><td>09<\/td><td>3<\/td><td>3<\/td><td>0<\/td><td>0<\/td><td>6<\/td><td>0<\/td><td>+6<\/td><td>100%<\/td><\/tr><tr><td>2<\/td><td>Ceil\u00e2ndia<\/td><td>04<\/td><td>3<\/td><td>1<\/td><td>1<\/td><td>1<\/td><td>5<\/td><td>3<\/td><td>+2<\/td><td>44,4%<\/td><\/tr><tr><td>3<\/td><td>Capital<\/td><td>04<\/td><td>3<\/td><td>1<\/td><td>1<\/td><td>1<\/td><td>4<\/td><td>3<\/td><td>+1<\/td><td>44,4%<\/td><\/tr><tr><td>4<\/td><td>Santa Maria<\/td><td>00<\/td><td>3<\/td><td>0<\/td><td>0<\/td><td>3<\/td><td>0<\/td><td>9<\/td><td>-9<\/td><td>0%<\/td><\/tr><\/tbody><\/table><\/figure>\n\n\n\n<p>1\u00aa Rodada<\/p>\n\n\n\n<p>14\/04 &#8211; 15:30 &#8211; Serej\u00e3o &#8211; Taguatinga 0x0 Una\u00ed<br>14\/04 &#8211; 15:30 &#8211; Abadi\u00e3o &#8211; Gama 1&#215;1 Luzi\u00e2nia<\/p>\n\n\n\n<p>15\/04 &#8211; 15:00 &#8211; Man\u00e9 Garrincha &#8211; Capital 2&#215;0 Santa Maria<br>15\/04 &#8211; 15:30 &#8211; Serej\u00e3o &#8211; Brasiliense 1&#215;0 Ceil\u00e2ndia<\/p>\n\n\n\n<p>2\u00aa Rodada<\/p>\n\n\n\n<p>17\/04 &#8211; 15:30 &#8211; Serra do Lago &#8211; Luzi\u00e2nia 0x0 Taguatinga<br>17\/04 &#8211; 15:30 &#8211; Abadi\u00e3o &#8211; Gama 0x1 Una\u00ed<\/p>\n\n\n\n<p>18\/04 &#8211; 15:00 &#8211; Man\u00e9 Garrincha &#8211; Capital 2&#215;2 Ceil\u00e2ndia<br>18\/04 &#8211; 15:30 &#8211; Serra do Lago &#8211; Santa Maria 0x4 Brasiliense<\/p>\n\n\n\n<p>3\u00aa Rodada<\/p>\n\n\n\n<p>20\/04 &#8211; 15:30 &#8211; Serej\u00e3o &#8211; Taguatinga 0x1 Gama<br>20\/04 &#8211; 15:30 &#8211; Urbano Adjuto &#8211; Una\u00ed 0x1 Luzi\u00e2nia<\/p>\n\n\n\n<p>21\/04 &#8211; 15:30 &#8211; Serej\u00e3o &#8211; Brasiliense 1&#215;0 Capital<br>21\/04 &#8211; 15:30 &#8211; Abadi\u00e3o &#8211; Ceil\u00e2ndia 3&#215;0 Santa Maria<\/p>\n\n\n\n<h3 class=\"wp-block-heading\">Terceira Fase<\/h3>\n\n\n\n<h3 class=\"wp-block-heading\">Chave E<\/h3>\n\n\n\n<figure class=\"wp-block-table is-style-stripes\"><table><tbody><tr><td><strong>Pos<\/strong><\/td><td><strong>Time<\/strong><\/td><td><strong>PG<\/strong><\/td><td><strong>J<\/strong><\/td><td><strong>V<\/strong><\/td><td><strong>E<\/strong><\/td><td><strong>D<\/strong><\/td><td><strong>GP<\/strong><\/td><td><strong>GC<\/strong><\/td><td><strong>SG<\/strong><\/td><td><strong>CA + CV<\/strong><\/td><td><strong>Aprov.<\/strong><\/td><\/tr><tr><td>1<\/td><td>Brasiliense<\/td><td>16<\/td><td>6<\/td><td>5<\/td><td>1<\/td><td>0<\/td><td>17<\/td><td>2<\/td><td>+15<\/td><td>13A 0V<\/td><td>88,8%<\/td><\/tr><tr><td>2<\/td><td>Ceil\u00e2ndia<\/td><td>11<\/td><td>6<\/td><td>3<\/td><td>2<\/td><td>1<\/td><td>9<\/td><td>7<\/td><td>+2<\/td><td>9A 0V<\/td><td>61,1%<\/td><\/tr><tr><td>3<\/td><td>Gama<\/td><td>06<\/td><td>6<\/td><td>2<\/td><td>0<\/td><td>4<\/td><td>6<\/td><td>12<\/td><td>-5<\/td><td>17A 0V<\/td><td>33,3%<\/td><\/tr><tr><td>4<\/td><td>Luzi\u00e2nia<\/td><td>01<\/td><td>6<\/td><td>0<\/td><td>1<\/td><td>5<\/td><td>6<\/td><td>17<\/td><td>-11<\/td><td>19A 2V<\/td><td>5,5%<\/td><\/tr><\/tbody><\/table><\/figure>\n\n\n\n<p>1\u00aa Rodada<\/p>\n\n\n\n<p>24\/04 &#8211; 15:30 &#8211; Abadi\u00e3o &#8211; Ceil\u00e2ndia 1&#215;1 Luzi\u00e2nia<br>25\/04 &#8211; 15:30 &#8211; Ciro Machado &#8211; Gama 0x3 Brasiliense<\/p>\n\n\n\n<p>2\u00aa Rodada<\/p>\n\n\n\n<p>28\/04 &#8211; 15:00 &#8211; Man\u00e9 Garrincha &#8211; Brasiliense 2&#215;0 Ceil\u00e2ndia<br>28\/04 &#8211; 15:30 &#8211; Serra do Lago &#8211; Luzi\u00e2nia 1&#215;2 Gama<\/p>\n\n\n\n<p>3\u00aa Rodada<\/p>\n\n\n\n<p>01\/05 &#8211; 15:30 &#8211; Ciro Machado &#8211; Gama 0x1 Ceil\u00e2ndia<br>02\/05 &#8211; 15:00 &#8211; Man\u00e9 Garrincha &#8211; Brasiliense 2&#215;1 Luzi\u00e2nia<\/p>\n\n\n\n<p>4\u00aa Rodada<\/p>\n\n\n\n<p>05\/05 &#8211; 15:00 &#8211; Abadi\u00e3o &#8211; Ceil\u00e2ndia 2&#215;1 Gama<br>05\/05 &#8211; 15:30 &#8211; Serra do Lago &#8211; Luzi\u00e2nia 0x5 Brasiliense<\/p>\n\n\n\n<p>5\u00aa Rodada<\/p>\n\n\n\n<p>09\/05 &#8211; 15:00 &#8211; Abadi\u00e3o &#8211; Ceil\u00e2ndia 1&#215;1 Brasiliense<br>09\/05 &#8211; 15:30 &#8211; Ciro Machado &#8211; Gama 3&#215;1 Luzi\u00e2nia<\/p>\n\n\n\n<p>6\u00aa Rodada<\/p>\n\n\n\n<p>12\/05 &#8211; 15:00 &#8211; Serra do Lago &#8211; Luzi\u00e2nia 2&#215;4 Ceil\u00e2ndia<br>12\/05 &#8211; 15:00 &#8211; Man\u00e9 Garrincha &#8211; Brasiliense 4&#215;0 Gama<\/p>\n\n\n\n<h3 class=\"wp-block-heading\">Final<\/h3>\n\n\n\n<p>15\/05 &#8211; 15:00 &#8211; Man\u00e9 Garrincha &#8211; Brasiliense 1&#215;0 Ceil\u00e2ndia<\/p>\n","protected":false},"excerpt":{"rendered":"<p>Artilheiros 11 gols Z\u00e9 Love &#8211; Brasiliense 6 gols Gabriel Pedra &#8211; Ceil\u00e2ndia 5 gols Romarinho &#8211; CapitalRom\u00e1rio &#8211; Luzi\u00e2niaItagol &#8211; Taguatinga 4 gols Bruno Nunes, Luquinhas &#8211; BrasilienseCa\u00edque &#8211; GamaHiwry &#8211; Una\u00ed 3 gols Carlos Eduardo, Tobinha &#8211; BrasilienseDavid Souza &#8211; CapitalFelipe Goiano, Matheus Silva, Kl\u00e9cio, Liel, Willian &#8211; Ceil\u00e2ndiaDaniel Alagoano &#8211; GamaTitico &#8211; [&hellip;]<\/p>\n","protected":false},"author":1,"featured_media":0,"parent":0,"menu_order":0,"comment_status":"closed","ping_status":"closed","template":"","meta":{"footnotes":""},"class_list":["post-15943","page","type-page","status-publish","hentry"],"_links":{"self":[{"href":"https:\/\/www.esportesbrasilia.com.br\/noticias\/wp-json\/wp\/v2\/pages\/15943","targetHints":{"allow":["GET"]}}],"collection":[{"href":"https:\/\/www.esportesbrasilia.com.br\/noticias\/wp-json\/wp\/v2\/pages"}],"about":[{"href":"https:\/\/www.esportesbrasilia.com.br\/noticias\/wp-json\/wp\/v2\/types\/page"}],"author":[{"embeddable":true,"href":"https:\/\/www.esportesbrasilia.com.br\/noticias\/wp-json\/wp\/v2\/users\/1"}],"replies":[{"embeddable":true,"href":"https:\/\/www.esportesbrasilia.com.br\/noticias\/wp-json\/wp\/v2\/comments?post=15943"}],"version-history":[{"count":77,"href":"https:\/\/www.esportesbrasilia.com.br\/noticias\/wp-json\/wp\/v2\/pages\/15943\/revisions"}],"predecessor-version":[{"id":19327,"href":"https:\/\/www.esportesbrasilia.com.br\/noticias\/wp-json\/wp\/v2\/pages\/15943\/revisions\/19327"}],"wp:attachment":[{"href":"https:\/\/www.esportesbrasilia.com.br\/noticias\/wp-json\/wp\/v2\/media?parent=15943"}],"curies":[{"name":"wp","href":"https:\/\/api.w.org\/{rel}","templated":true}]}}