{"id":15212,"date":"2020-10-28T22:40:24","date_gmt":"2020-10-29T01:40:24","guid":{"rendered":"http:\/\/www.esportesbrasilia.com.br\/noticias\/?page_id=15212"},"modified":"2020-12-19T21:23:07","modified_gmt":"2020-12-20T00:23:07","slug":"candangao2020feminino","status":"publish","type":"page","link":"https:\/\/www.esportesbrasilia.com.br\/noticias\/candangao2020feminino","title":{"rendered":"Tabela Candang\u00e3o Feminino 2020"},"content":{"rendered":"\n<figure class=\"wp-block-image size-large\"><img loading=\"lazy\" decoding=\"async\" width=\"1024\" height=\"683\" src=\"https:\/\/www.esportesbrasilia.com.br\/noticias\/wp-content\/uploads\/postercandangofeminino-1024x683.jpg\" alt=\"\" class=\"wp-image-15878\" srcset=\"https:\/\/www.esportesbrasilia.com.br\/noticias\/wp-content\/uploads\/postercandangofeminino-1024x683.jpg 1024w, https:\/\/www.esportesbrasilia.com.br\/noticias\/wp-content\/uploads\/postercandangofeminino-300x200.jpg 300w, https:\/\/www.esportesbrasilia.com.br\/noticias\/wp-content\/uploads\/postercandangofeminino-768x512.jpg 768w, https:\/\/www.esportesbrasilia.com.br\/noticias\/wp-content\/uploads\/postercandangofeminino-1536x1024.jpg 1536w, https:\/\/www.esportesbrasilia.com.br\/noticias\/wp-content\/uploads\/postercandangofeminino-2048x1366.jpg 2048w\" sizes=\"auto, (max-width: 1024px) 100vw, 1024px\" \/><\/figure>\n\n\n\n<h5 class=\"wp-block-heading\">Atualizada em 19\/12\/20 \u00e0s 21:08<\/h5>\n\n\n\n<h3 class=\"wp-block-heading\">Classifica\u00e7\u00e3o<\/h3>\n\n\n\n<figure class=\"wp-block-table is-style-stripes\"><table><tbody><tr><td><strong>Pos.<\/strong><\/td><td><strong>Time<\/strong><\/td><td><strong>Pts.<\/strong><\/td><td><strong>J<\/strong><\/td><td><strong>V<\/strong><\/td><td><strong>E<\/strong><\/td><td><strong>D<\/strong><\/td><td><strong>GP<\/strong><\/td><td><strong>GC<\/strong><\/td><td><strong>SG<\/strong><\/td><td><strong>Aprov.<\/strong><\/td><\/tr><tr><td>1<\/td><td>Minas Bras\u00edlia*<\/td><td>13<\/td><td>5<\/td><td>4<\/td><td>1<\/td><td>0<\/td><td>23<\/td><td>01<\/td><td>+22<\/td><td>86,6%<\/td><\/tr><tr><td>2<\/td><td>Real Bras\u00edlia*<\/td><td>12<\/td><td>5<\/td><td>4<\/td><td>0<\/td><td>1<\/td><td>38<\/td><td>01<\/td><td>+37<\/td><td>80%<\/td><\/tr><tr><td>3<\/td><td>Cresspom*<\/td><td>10<\/td><td>5<\/td><td>3<\/td><td>1<\/td><td>1<\/td><td>23<\/td><td>03<\/td><td>+20<\/td><td>66,6%<\/td><\/tr><tr><td>4<\/td><td>Ceil\u00e2ndia*<\/td><td>06<\/td><td>5<\/td><td>2<\/td><td>0<\/td><td>3<\/td><td>15<\/td><td>16<\/td><td>-01<\/td><td>40%<\/td><\/tr><tr><td>5<\/td><td>Gama<\/td><td>03<\/td><td>5<\/td><td>1<\/td><td>0<\/td><td>2<\/td><td>08<\/td><td>12<\/td><td>-04<\/td><td>20%<\/td><\/tr><tr><td>6<\/td><td>Parano\u00e1<\/td><td>00<\/td><td>5<\/td><td>0<\/td><td>0<\/td><td>5<\/td><td>1<\/td><td>75<\/td><td>-74<\/td><td>0%<\/td><\/tr><\/tbody><\/table><figcaption>(*) Classificados<\/figcaption><\/figure>\n\n\n\n<h3 class=\"wp-block-heading\">Artilharia<\/h3>\n\n\n\n<h4 class=\"wp-block-heading\">13 gols<\/h4>\n\n\n\n<p>Hulk &#8211; Minas Bras\u00edlia<\/p>\n\n\n\n<h4 class=\"wp-block-heading\">11 gols<\/h4>\n\n\n\n<p>Ronaldinha &#8211; Real Bras\u00edlia<\/p>\n\n\n\n<p><strong>10 gols<\/strong><\/p>\n\n\n\n<p>Amanda &#8211; Real Bras\u00edlia<\/p>\n\n\n\n<h4 class=\"wp-block-heading\">9 gols<\/h4>\n\n\n\n<p>B\u00e1rbara &#8211; Cresspom<\/p>\n\n\n\n<h4 class=\"wp-block-heading\">8 gols<\/h4>\n\n\n\n<p>Moara &#8211; Cresspom<\/p>\n\n\n\n<h4 class=\"wp-block-heading\">6 gols<\/h4>\n\n\n\n<p>Ana Keyla &#8211; Minas Bras\u00edlia<\/p>\n\n\n\n<h4 class=\"wp-block-heading\">4 gols<\/h4>\n\n\n\n<p>B\u00e1rbara, Pitty &#8211; Real Bras\u00edlia<br>J\u00e9ssica, Laine &#8211; Minas Bras\u00edlia<\/p>\n\n\n\n<h4 class=\"wp-block-heading\">3 gols<\/h4>\n\n\n\n<p>Melissa, Sandra &#8211; Ceil\u00e2ndia<br>Amanda &#8211; Gama<br>Farinon, Isadora &#8211; Minas Bras\u00edlia<br>Nath\u00e1lia &#8211; Real Bras\u00edlia<\/p>\n\n\n\n<h4 class=\"wp-block-heading\">2 gols<\/h4>\n\n\n\n<p>Talia, Sabrina &#8211; Ceil\u00e2ndia<br>Andiara, Cirlene, Daniela, Denize &#8211; Cresspom<br>Susan &#8211; Gama<br>Kelly Becker &#8211; Real Bras\u00edlia<\/p>\n\n\n\n<h4 class=\"wp-block-heading\">1 gol<\/h4>\n\n\n\n<p>H\u00e9rika, Erika, Thaynne, Karolina, Tha\u00eds &#8211; Ceil\u00e2ndia<br>Camila, Dani, Isabela, Kathleen &#8211; Cresspom<br>Let\u00edcia, Layslane, Camilla &#8211; Gama<br>Gabi Lucchesi, Kak\u00e1, Katrine, Luciana, Robinha, Rayane, La\u00edssa &#8211; Minas Bras\u00edlia<br>Amanda, Camila Pini, Dani Silva, D\u00falcia, Luciana, Rafa Soares, Rhaizza, Maiara, Milena, Ta\u00eds &#8211; Real Bras\u00edlia<br>Camila &#8211; Parano\u00e1<\/p>\n\n\n\n<h4 class=\"wp-block-heading\">Gol Contra<\/h4>\n\n\n\n<p>Ta\u00eds &#8211; Real Bras\u00edlia para o Cresspom<\/p>\n\n\n\n<h3 class=\"wp-block-heading\">Tabela &#8211; Primeira Fase<\/h3>\n\n\n\n<p><strong>1\u00aa Rodada<\/strong><\/p>\n\n\n\n<p><strong>28 de outubro<\/strong><br>15.00 &#8211; Real Bras\u00edlia 1&#215;0 Cresspom &#8211; Ciro Machado<br>20.00 &#8211; Parano\u00e1 0x11 Minas Bras\u00edlia &#8211; Campo Sec\u00e3o Jardim Ing\u00e1<br><br><strong>30 de outubro<\/strong><br>15.00 &#8211; Gama 0x2 Ceil\u00e2ndia &#8211; CT do Gama<\/p>\n\n\n\n<p><strong>2\u00aa Rodada<\/strong><\/p>\n\n\n\n<p><strong>01 de novembro<\/strong><br>10.30 &#8211; Cresspom 13&#215;0 Parano\u00e1 &#8211; Cresspom<br>15.30 &#8211; Minas Bras\u00edlia 4&#215;0 Gama &#8211; Minas Bras\u00edlia<br><br><strong>16 de novembro<\/strong><br>15.00 &#8211; Ceil\u00e2ndia 0x4 Real Bras\u00edlia &#8211; Abadi\u00e3o<\/p>\n\n\n\n<p><strong>3\u00aa Rodada<\/strong><\/p>\n\n\n\n<p><strong>08 de novembro<\/strong><br>15.00 &#8211; Gama 8&#215;0 Parano\u00e1 &#8211; CT do Gama<br><br><strong>11 de novembro<\/strong><br>15.00 &#8211; Real Bras\u00edlia 0x1 Minas Bras\u00edlia &#8211; Ciro Machado<br><br><strong>12 de novembro<\/strong><br>15.00 &#8211; Ceil\u00e2ndia 1&#215;5 Cresspom &#8211; Abadi\u00e3o<\/p>\n\n\n\n<p><strong>4\u00aa Rodada<\/strong><\/p>\n\n\n\n<p><strong>14 de novembro<\/strong><br>10.30 &#8211; Cresspom 1&#215;1 Minas Bras\u00edlia &#8211; Cresspom<br>20.00 &#8211; Parano\u00e1 1&#215;12 Ceil\u00e2ndia &#8211; Campo Sec\u00e3o Jardim Ing\u00e1<br><br><strong>18 de novembro<\/strong><br>15.00 &#8211; Gama 0x2 Real Bras\u00edlia &#8211; CT do Gama<\/p>\n\n\n\n<p><strong>5\u00aa Rodada<\/strong><\/p>\n\n\n\n<p><strong>22 de novembro<\/strong><br>10.30 &#8211; Cresspom 4&#215;0 Gama &#8211; Cresspom<br>15.00 &#8211; Minas Bras\u00edlia 6&#215;0 Ceil\u00e2ndia &#8211; Abadi\u00e3o<br><br><strong>25 de novembro<\/strong><br>15.00 &#8211; Real Bras\u00edlia 31&#215;0 Parano\u00e1 &#8211; Ciro Machado<\/p>\n\n\n\n<h3 class=\"wp-block-heading\">Tabela &#8211; Semifinais<\/h3>\n\n\n\n<p><strong>Chave 1 &#8211; 1\u00ba Colocado &#8211; Minas Bras\u00edlia x 4\u00ba Colocado &#8211; Ceil\u00e2ndia<\/strong><br>02.12 &#8211; 15.00 &#8211; CEI 0x5 MIN &#8211; Abadi\u00e3o<br>09.12 &#8211; 15.30 &#8211; MIN 9&#215;1 CEI &#8211; Bezerr\u00e3o<\/p>\n\n\n\n<p><strong>Chave 2 &#8211; 2\u00ba Colocado &#8211; Real Bras\u00edlia x 3\u00ba Colocado &#8211; Cresspom<\/strong><br>02.12 &#8211; 10.30 &#8211; CRE 2&#215;2 REA &#8211; Abadi\u00e3o<br>16.12 &#8211; 15.00 &#8211; REA 3&#215;2 CRE &#8211; Ciro Machado<\/p>\n\n\n\n<h3 class=\"wp-block-heading\">Tabela &#8211; Terceiro Lugar<\/h3>\n\n\n\n<p>19.12 &#8211; 10.00 &#8211; Cresspom 3&#215;0 Ceil\u00e2ndia &#8211; Abadi\u00e3o<\/p>\n\n\n\n<h3 class=\"wp-block-heading\">Tabela &#8211; Final<\/h3>\n\n\n\n<p>19.12 &#8211; 14.30 &#8211; Minas Bras\u00edlia 1&#215;2 Real Bras\u00edlia &#8211; Bezerr\u00e3o<\/p>\n","protected":false},"excerpt":{"rendered":"<p>Atualizada em 19\/12\/20 \u00e0s 21:08 Classifica\u00e7\u00e3o Pos. Time Pts. J V E D GP GC SG Aprov. 1 Minas Bras\u00edlia* 13 5 4 1 0 23 01 +22 86,6% 2 Real Bras\u00edlia* 12 5 4 0 1 38 01 +37 80% 3 Cresspom* 10 5 3 1 1 23 03 +20 66,6% 4 Ceil\u00e2ndia* 06 [&hellip;]<\/p>\n","protected":false},"author":1,"featured_media":0,"parent":0,"menu_order":0,"comment_status":"closed","ping_status":"closed","template":"","meta":{"footnotes":""},"class_list":["post-15212","page","type-page","status-publish","hentry"],"_links":{"self":[{"href":"https:\/\/www.esportesbrasilia.com.br\/noticias\/wp-json\/wp\/v2\/pages\/15212","targetHints":{"allow":["GET"]}}],"collection":[{"href":"https:\/\/www.esportesbrasilia.com.br\/noticias\/wp-json\/wp\/v2\/pages"}],"about":[{"href":"https:\/\/www.esportesbrasilia.com.br\/noticias\/wp-json\/wp\/v2\/types\/page"}],"author":[{"embeddable":true,"href":"https:\/\/www.esportesbrasilia.com.br\/noticias\/wp-json\/wp\/v2\/users\/1"}],"replies":[{"embeddable":true,"href":"https:\/\/www.esportesbrasilia.com.br\/noticias\/wp-json\/wp\/v2\/comments?post=15212"}],"version-history":[{"count":23,"href":"https:\/\/www.esportesbrasilia.com.br\/noticias\/wp-json\/wp\/v2\/pages\/15212\/revisions"}],"predecessor-version":[{"id":15879,"href":"https:\/\/www.esportesbrasilia.com.br\/noticias\/wp-json\/wp\/v2\/pages\/15212\/revisions\/15879"}],"wp:attachment":[{"href":"https:\/\/www.esportesbrasilia.com.br\/noticias\/wp-json\/wp\/v2\/media?parent=15212"}],"curies":[{"name":"wp","href":"https:\/\/api.w.org\/{rel}","templated":true}]}}

Tabela Candangão Feminino 2020

<figure class="wp-block-image size-large"><img loading="lazy" decoding="async" width="1024" height="683" src="https://www.esportesbrasilia.com.br/noticias/wp-content/uploads/postercandangofeminino-1024x683.jpg" alt="" class="wp-image-15878" srcset="https://www.esportesbrasilia.com.br/noticias/wp-content/uploads/postercandangofeminino-1024x683.jpg 1024w, https://www.esportesbrasilia.com.br/noticias/wp-content/uploads/postercandangofeminino-300x200.jpg 300w, https://www.esportesbrasilia.com.br/noticias/wp-content/uploads/postercandangofeminino-768x512.jpg 768w, https://www.esportesbrasilia.com.br/noticias/wp-content/uploads/postercandangofeminino-1536x1024.jpg 1536w, https://www.esportesbrasilia.com.br/noticias/wp-content/uploads/postercandangofeminino-2048x1366.jpg 2048w" sizes="auto, (max-width: 1024px) 100vw, 1024px" /></figure>



<h5 class="wp-block-heading">Atualizada em 19/12/20 às 21:08</h5>



<h3 class="wp-block-heading">Classificação</h3>



<figure class="wp-block-table is-style-stripes"><table><tbody><tr><td><strong>Pos.</strong></td><td><strong>Time</strong></td><td><strong>Pts.</strong></td><td><strong>J</strong></td><td><strong>V</strong></td><td><strong>E</strong></td><td><strong>D</strong></td><td><strong>GP</strong></td><td><strong>GC</strong></td><td><strong>SG</strong></td><td><strong>Aprov.</strong></td></tr><tr><td>1</td><td>Minas Brasília*</td><td>13</td><td>5</td><td>4</td><td>1</td><td>0</td><td>23</td><td>01</td><td>+22</td><td>86,6%</td></tr><tr><td>2</td><td>Real Brasília*</td><td>12</td><td>5</td><td>4</td><td>0</td><td>1</td><td>38</td><td>01</td><td>+37</td><td>80%</td></tr><tr><td>3</td><td>Cresspom*</td><td>10</td><td>5</td><td>3</td><td>1</td><td>1</td><td>23</td><td>03</td><td>+20</td><td>66,6%</td></tr><tr><td>4</td><td>Ceilândia*</td><td>06</td><td>5</td><td>2</td><td>0</td><td>3</td><td>15</td><td>16</td><td>-01</td><td>40%</td></tr><tr><td>5</td><td>Gama</td><td>03</td><td>5</td><td>1</td><td>0</td><td>2</td><td>08</td><td>12</td><td>-04</td><td>20%</td></tr><tr><td>6</td><td>Paranoá</td><td>00</td><td>5</td><td>0</td><td>0</td><td>5</td><td>1</td><td>75</td><td>-74</td><td>0%</td></tr></tbody></table><figcaption>(*) Classificados</figcaption></figure>



<h3 class="wp-block-heading">Artilharia</h3>



<h4 class="wp-block-heading">13 gols</h4>



<p>Hulk &#8211; Minas Brasília</p>



<h4 class="wp-block-heading">11 gols</h4>



<p>Ronaldinha &#8211; Real Brasília</p>



<p><strong>10 gols</strong></p>



<p>Amanda &#8211; Real Brasília</p>



<h4 class="wp-block-heading">9 gols</h4>



<p>Bárbara &#8211; Cresspom</p>



<h4 class="wp-block-heading">8 gols</h4>



<p>Moara &#8211; Cresspom</p>



<h4 class="wp-block-heading">6 gols</h4>



<p>Ana Keyla &#8211; Minas Brasília</p>



<h4 class="wp-block-heading">4 gols</h4>



<p>Bárbara, Pitty &#8211; Real Brasília<br>Jéssica, Laine &#8211; Minas Brasília</p>



<h4 class="wp-block-heading">3 gols</h4>



<p>Melissa, Sandra &#8211; Ceilândia<br>Amanda &#8211; Gama<br>Farinon, Isadora &#8211; Minas Brasília<br>Nathália &#8211; Real Brasília</p>



<h4 class="wp-block-heading">2 gols</h4>



<p>Talia, Sabrina &#8211; Ceilândia<br>Andiara, Cirlene, Daniela, Denize &#8211; Cresspom<br>Susan &#8211; Gama<br>Kelly Becker &#8211; Real Brasília</p>



<h4 class="wp-block-heading">1 gol</h4>



<p>Hérika, Erika, Thaynne, Karolina, Thaís &#8211; Ceilândia<br>Camila, Dani, Isabela, Kathleen &#8211; Cresspom<br>Letícia, Layslane, Camilla &#8211; Gama<br>Gabi Lucchesi, Kaká, Katrine, Luciana, Robinha, Rayane, Laíssa &#8211; Minas Brasília<br>Amanda, Camila Pini, Dani Silva, Dúlcia, Luciana, Rafa Soares, Rhaizza, Maiara, Milena, Taís &#8211; Real Brasília<br>Camila &#8211; Paranoá</p>



<h4 class="wp-block-heading">Gol Contra</h4>



<p>Taís &#8211; Real Brasília para o Cresspom</p>



<h3 class="wp-block-heading">Tabela &#8211; Primeira Fase</h3>



<p><strong>1ª Rodada</strong></p>



<p><strong>28 de outubro</strong><br>15.00 &#8211; Real Brasília 1&#215;0 Cresspom &#8211; Ciro Machado<br>20.00 &#8211; Paranoá 0x11 Minas Brasília &#8211; Campo Secão Jardim Ingá<br><br><strong>30 de outubro</strong><br>15.00 &#8211; Gama 0x2 Ceilândia &#8211; CT do Gama</p>



<p><strong>2ª Rodada</strong></p>



<p><strong>01 de novembro</strong><br>10.30 &#8211; Cresspom 13&#215;0 Paranoá &#8211; Cresspom<br>15.30 &#8211; Minas Brasília 4&#215;0 Gama &#8211; Minas Brasília<br><br><strong>16 de novembro</strong><br>15.00 &#8211; Ceilândia 0x4 Real Brasília &#8211; Abadião</p>



<p><strong>3ª Rodada</strong></p>



<p><strong>08 de novembro</strong><br>15.00 &#8211; Gama 8&#215;0 Paranoá &#8211; CT do Gama<br><br><strong>11 de novembro</strong><br>15.00 &#8211; Real Brasília 0x1 Minas Brasília &#8211; Ciro Machado<br><br><strong>12 de novembro</strong><br>15.00 &#8211; Ceilândia 1&#215;5 Cresspom &#8211; Abadião</p>



<p><strong>4ª Rodada</strong></p>



<p><strong>14 de novembro</strong><br>10.30 &#8211; Cresspom 1&#215;1 Minas Brasília &#8211; Cresspom<br>20.00 &#8211; Paranoá 1&#215;12 Ceilândia &#8211; Campo Secão Jardim Ingá<br><br><strong>18 de novembro</strong><br>15.00 &#8211; Gama 0x2 Real Brasília &#8211; CT do Gama</p>



<p><strong>5ª Rodada</strong></p>



<p><strong>22 de novembro</strong><br>10.30 &#8211; Cresspom 4&#215;0 Gama &#8211; Cresspom<br>15.00 &#8211; Minas Brasília 6&#215;0 Ceilândia &#8211; Abadião<br><br><strong>25 de novembro</strong><br>15.00 &#8211; Real Brasília 31&#215;0 Paranoá &#8211; Ciro Machado</p>



<h3 class="wp-block-heading">Tabela &#8211; Semifinais</h3>



<p><strong>Chave 1 &#8211; 1º Colocado &#8211; Minas Brasília x 4º Colocado &#8211; Ceilândia</strong><br>02.12 &#8211; 15.00 &#8211; CEI 0x5 MIN &#8211; Abadião<br>09.12 &#8211; 15.30 &#8211; MIN 9&#215;1 CEI &#8211; Bezerrão</p>



<p><strong>Chave 2 &#8211; 2º Colocado &#8211; Real Brasília x 3º Colocado &#8211; Cresspom</strong><br>02.12 &#8211; 10.30 &#8211; CRE 2&#215;2 REA &#8211; Abadião<br>16.12 &#8211; 15.00 &#8211; REA 3&#215;2 CRE &#8211; Ciro Machado</p>



<h3 class="wp-block-heading">Tabela &#8211; Terceiro Lugar</h3>



<p>19.12 &#8211; 10.00 &#8211; Cresspom 3&#215;0 Ceilândia &#8211; Abadião</p>



<h3 class="wp-block-heading">Tabela &#8211; Final</h3>



<p>19.12 &#8211; 14.30 &#8211; Minas Brasília 1&#215;2 Real Brasília &#8211; Bezerrão</p>

<p>Atualizada em 19/12/20 às 21:08 Classificação Pos. Time Pts. J V E D GP GC SG Aprov. 1 Minas Brasília* 13 5 4 1 0 23 01 +22 86,6% 2 Real Brasília* 12 5 4 0 1 38 01 +37 80% 3 Cresspom* 10 5 3 1 1 23 03 +20 66,6% 4 Ceilândia* 06 [&hellip;]</p>
